{"id":1424,"date":"2023-09-04T22:25:11","date_gmt":"2023-09-04T20:25:11","guid":{"rendered":"https:\/\/gambeat-music.com\/?page_id=1424"},"modified":"2023-09-06T09:37:36","modified_gmt":"2023-09-06T07:37:36","slug":"mentions-legales","status":"publish","type":"page","link":"https:\/\/gambeat-music.com\/index.php\/mentions-legales\/","title":{"rendered":"Mentions l\u00e9gales"},"content":{"rendered":"\n<p>Merci de lire avec attention les diff\u00e9rentes modalit\u00e9s d\u2019utilisation du pr\u00e9sent site avant d\u2019y parcourir ses pages. En vous connectant sur ce site, vous acceptez sans r\u00e9serves les pr\u00e9sentes modalit\u00e9s. Aussi, conform\u00e9ment \u00e0 l\u2019article n\u00b06 de la Loi n\u00b02004-575 du 21 Juin 2004 pour la confiance dans l\u2019\u00e9conomie num\u00e9rique, les responsables du pr\u00e9sent site internet<a href=\"https:\/\/www.agence-argentee.fr\/\"> https:\/\/www.<\/a>gambeat-music.com\/ sont : Elsa ROS AYRAL, Dirigeant.<\/p>\n\n\n\n<h2 class=\"wp-block-heading\"><strong>Editeur du Site :<\/strong><\/h2>\n\n\n\n<p><strong><br><\/strong> Immatricul\u00e9e sous le num\u00e9ro SIREN et SIRET :<br>N\u00b0 de TVA :\u00a0<\/p>\n\n\n\n<p>Responsable \u00e9ditorial \/ Directeur de la publication : Mme ROS AYRAL, Elsa<\/p>\n\n\n\n<p>12 rue Giacomo Puccini, 31200 Toulouse<\/p>\n\n\n\n<p>T\u00e9l\u00e9phone : +33 06 81 15 41 36<br>Email : gambeatmusica@gmail.com<br>Site Web :<a href=\"https:\/\/www.agence-argentee.fr\/\"> https:\/\/www.<\/a>gambeat-music.com\/&nbsp;<\/p>\n\n\n\n<h2 class=\"wp-block-heading\"><strong>H\u00e9bergement :<\/strong><\/h2>\n\n\n\n<p>H\u00e9bergeur : OVH<\/p>\n\n\n\n<p>2 rue Kellermann 59100 Roubaix<\/p>\n\n\n\n<p>Site Web : <a href=\"http:\/\/https\/www.ovh.com\/fr\/\">https:\/\/www.ovh.com\/fr\/<\/a><\/p>\n\n\n\n<p><strong>D\u00e9veloppement :<\/strong><\/p>\n\n\n\n<p>Tomas Seillery<\/p>\n\n\n\n<p>Agence Web 360\u00b0 Duo Digital<\/p>\n\n\n\n<p>5 rue du Vergnes 33 300 Bordeaux<\/p>\n\n\n\n<figure class=\"wp-block-embed\"><div class=\"wp-block-embed__wrapper\">\nhttps:\/\/duodigital.fr\/\n<\/div><\/figure>\n\n\n\n<h2 class=\"wp-block-heading\"><strong>Conditions d\u2019utilisation :<\/strong><\/h2>\n\n\n\n<p>Ce site (<a href=\"https:\/\/www.agence-argentee.fr\/\">\/<\/a>) est propos\u00e9 en diff\u00e9rents langages web (HTML, HTML5, Javascript, CSS, etc\u2026) pour un meilleur confort d\u2019utilisation et un graphisme plus agr\u00e9able, nous vous recommandons de recourir \u00e0 des navigateurs modernes comme Internet explorer, Safari, Firefox, Google Chrome, etc\u2026.<\/p>\n\n\n\n<p>Agence l\u2019Argent\u00e9e met en \u0153uvre tous les moyens dont elle dispose, pour assurer une information fiable et une mise \u00e0 jour fiable de ses sites internet. Toutefois, des erreurs ou omissions peuvent survenir. L\u2019internaute devra donc s\u2019assurer de l\u2019exactitude des informations, et signaler toutes modifications du site qu\u2019il jugerait utile.&nbsp; Agence l\u2019Argent\u00e9e n\u2019est en aucun cas responsable de l\u2019utilisation faite de ces informations, et de tout pr\u00e9judice direct ou indirect pouvant en d\u00e9couler.<\/p>\n\n\n\n<h2 class=\"wp-block-heading\"><strong>Cookies :<\/strong><\/h2>\n\n\n\n<p>Le site<a href=\"https:\/\/www.agence-argentee.fr\/\"> https:\/\/www.<\/a>gambeat-music.com\/ &nbsp;peut-\u00eatre amen\u00e9 \u00e0 vous demander l\u2019acceptation des cookies pour des besoins de statistiques et d\u2019affichage. L\u2019utilisation de ces cookies ne permet pas de vous identifier. Un cookies est une information d\u00e9pos\u00e9e sur votre disque dur par le serveur du site que vous visitez. Il contient plusieurs donn\u00e9es qui sont stock\u00e9es sur votre ordinateur dans un simple fichier texte auquel un serveur acc\u00e8de pour lire et enregistrer des informations.<\/p>\n\n\n\n<p>Les cookies de statistiques conservent les informations ci-apr\u00e8s de mani\u00e8re anonyme :<\/p>\n\n\n\n<ul class=\"wp-block-list\">\n<li>(i) le nombre de visite de chaque utilisateur ;<\/li>\n\n\n\n<li>(ii) la date de sa premi\u00e8re visite et sa visite actuelle ;<\/li>\n\n\n\n<li>(iii) la dur\u00e9e pendant laquelle l\u2019utilisateur est connect\u00e9 au site ;<\/li>\n\n\n\n<li>(iv) \u00e0 quel moment une visite commence et \u00e0 quel moment cette derni\u00e8re se termine ;<\/li>\n\n\n\n<li>(v) la provenance de l\u2019utilisateur (mots cl\u00e9s de recherche, liens, moteurs de recherche\u2026)<\/li>\n<\/ul>\n\n\n\n<p>En utilisant le site<a href=\"https:\/\/www.agence-argentee.fr\/\">https:\/\/www.<\/a>gambeat-music.com\/ et en cliquant sur l\u2019onglet \u00ab Accepter \u00bb qui figure sur le bandeau d\u2019information en page d\u2019accueil du site, vous consentez express\u00e9ment au traitement des donn\u00e9es susvis\u00e9es.<\/p>\n\n\n\n<p>L\u2019internaute est inform\u00e9 qu\u2019il peut \u00e0 tout moment configurer son logiciel de navigation de mani\u00e8re \u00e0 ce que des cookies soient enregistr\u00e9s ou au contraires rejet\u00e9s. La configuration de chaque navigateur pour la gestion des cookies est diff\u00e9rente. Elle est d\u00e9crite dans le menu d\u2019aide de chaque navigateur. L\u2019internaute est inform\u00e9 qu\u2019en cas de refus des cookies, l\u2019acc\u00e8s \u00e0 certaines parties de ce site peut lui \u00eatre directement refus\u00e9 ou entrainer une d\u00e9gradation de l\u2019utilisation du site..<\/p>\n\n\n\n<h2 class=\"wp-block-heading\"><strong>Liens hypertextes :<\/strong><\/h2>\n\n\n\n<p>Les liens hypertextes mis en place dans le cadre du site<a href=\"https:\/\/www.agence-argentee.fr\/\"> https:\/\/www.<\/a>gambeat-music.com\/ par Agence l\u2019Argent\u00e9e en direction d\u2019autres ressources pr\u00e9sentes sur Internet sont clairement identifi\u00e9s. L\u2019internaute reconna\u00eet que les contenus accessibles par le biais de liens hypertextes pr\u00e9sents sur le site Agence l\u2019Argent\u00e9e et les aiguillant vers d\u2019autres sites internet n\u2019engagent pas la responsabilit\u00e9 de Agence l\u2019Argent\u00e9e quant aux contenus de ces sites.<\/p>\n\n\n\n<p>Le site Gam8347&nbsp; ne r\u00e9pond pas de la disponibilit\u00e9 de tels sites et sources externes, ni ne la garantit. Elle ne peut \u00eatre tenue pour responsable de tout dommage, de quelque nature que ce soit, r\u00e9sultant du contenu de ces sites ou sources externes, et notamment des informations, produits ou services qu\u2019ils proposent, ou de tout usage qui peut \u00eatre fait de ces \u00e9l\u00e9ments. Les risques li\u00e9s \u00e0 cette utilisation incombent pleinement \u00e0 l\u2019internaute, qui doit se conformer \u00e0 leurs conditions d\u2019utilisation<\/p>\n\n\n\n<p>Dans l\u2019hypoth\u00e8se o\u00f9 un utilisateur ou visiteur souhaiterait mettre en place un hyperlien en direction d\u2019un des sites internet du site Gam8347, il lui appartiendra d\u2019adresser un email accessible sur le site afin de formuler sa demande de mise en place d\u2019un hyperlien. Le site Gam8347 se r\u00e9serve le droit d\u2019accepter ou de refuser un hyperlien sans avoir \u00e0 en justifier sa d\u00e9cision.<\/p>\n\n\n\n<h2 class=\"wp-block-heading\"><strong>Services fournis :<\/strong><\/h2>\n\n\n\n<p>L\u2019ensemble des activit\u00e9s de la soci\u00e9t\u00e9 ainsi que ses informations sont pr\u00e9sent\u00e9s sur notre site<a href=\"https:\/\/www.agence-argentee.fr\/\"> https:\/\/www.<\/a>gambeat-music.com\/&nbsp;<\/p>\n\n\n\n<p>Le site Gam8347 s\u2019efforce de fournir sur le site<a href=\"https:\/\/www.agence-argentee.fr\/\"> https:\/\/www.<\/a>gambeat-music.com\/ <a href=\"https:\/\/www.agence-argentee.fr\/\">\/<\/a> des informations aussi pr\u00e9cises que possible. Les renseignements figurant sur le site<a href=\"https:\/\/www.agence-argentee.fr\/\"> https:\/\/www.<\/a>gambeat-music.com\/ &nbsp;ne sont pas exhaustifs et les photos non contractuelles. Ils sont donn\u00e9s sous r\u00e9serve de modifications ayant \u00e9t\u00e9 apport\u00e9es depuis leur mise en ligne. Par ailleurs, tous les informations indiqu\u00e9es sur le site&nbsp; <a href=\"https:\/\/www.gambeat-music.com\/\">https:\/\/www.gambeat-music.com\/<\/a> sont donn\u00e9es \u00e0 titre indicatif, et sont susceptibles de changer ou d\u2019\u00e9voluer sans pr\u00e9avis.<\/p>\n\n\n\n<h2 class=\"wp-block-heading\"><strong>Limitation de responsabilit\u00e9 :<\/strong><\/h2>\n\n\n\n<p>Les informations contenues sur ce site sont aussi pr\u00e9cises que possible et le site remis \u00e0 jour \u00e0 diff\u00e9rentes p\u00e9riodes de l\u2019ann\u00e9e, mais peut toutefois contenir des inexactitudes ou des omissions. Si vous constatez une lacune, erreur ou ce qui parait \u00eatre un dysfonctionnement, merci de bien vouloir le signaler par email, \u00e0 l\u2019adresse gambeat.musique@gmail.com , en d\u00e9crivant le probl\u00e8me de la mani\u00e8re la plus pr\u00e9cise possible (page posant probl\u00e8me, type d\u2019ordinateur et de navigateur utilis\u00e9, \u2026).<\/p>\n\n\n\n<p>Tout contenu t\u00e9l\u00e9charg\u00e9 se fait aux risques et p\u00e9rils de l\u2019utilisateur et sous sa seule responsabilit\u00e9. En cons\u00e9quence, Agence l\u2019Argent\u00e9e ne saurait \u00eatre tenu responsable d\u2019un quelconque dommage subi par l\u2019ordinateur de l\u2019utilisateur ou d\u2019une quelconque perte de donn\u00e9es cons\u00e9cutive au t\u00e9l\u00e9chargement. De plus, l\u2019utilisateur du site s\u2019engage \u00e0 acc\u00e9der au site en utilisant un mat\u00e9riel r\u00e9cent, ne contenant pas de virus et avec un navigateur de derni\u00e8re g\u00e9n\u00e9ration mis-\u00e0-jour.<\/p>\n\n\n\n<h2 class=\"wp-block-heading\"><strong>Propri\u00e9t\u00e9 intellectuelle :<\/strong><\/h2>\n\n\n\n<p>Tout le contenu du pr\u00e9sent sur le site<a href=\"https:\/\/www.agence-argentee.fr\/\"> https:\/\/www.<\/a>gambeat-music.com\/ , incluant, de fa\u00e7on non limitative, les graphismes, images, textes, vid\u00e9os, animations, sons, logos, gifs et ic\u00f4nes ainsi que leur mise en forme sont la propri\u00e9t\u00e9 exclusive de la soci\u00e9t\u00e9 \u00e0 l\u2019exception des marques, logos ou contenus appartenant \u00e0 d\u2019autres soci\u00e9t\u00e9s partenaires ou auteurs.<\/p>\n\n\n\n<p>Toute reproduction, distribution, modification, adaptation, retransmission ou publication, m\u00eame partielle, de ces diff\u00e9rents \u00e9l\u00e9ments est strictement interdite sans l\u2019accord expr\u00e8s par \u00e9crit de Agence l\u2019Argent\u00e9e. Cette repr\u00e9sentation ou reproduction, par quelque proc\u00e9d\u00e9 que ce soit, constitue une contrefa\u00e7on sanctionn\u00e9e par les articles L.335-2 et suivants du Code de la propri\u00e9t\u00e9 intellectuelle. Le non-respect de cette interdiction constitue une contrefa\u00e7on pouvant engager la responsabilit\u00e9 civile et p\u00e9nale du contrefacteur. En outre, les propri\u00e9taires des contenus copi\u00e9s pourraient intenter une action en justice \u00e0 votre encontre.<\/p>\n\n\n\n<h2 class=\"wp-block-heading\"><strong>D\u00e9claration \u00e0 la CNIL :<\/strong><\/h2>\n\n\n\n<p>Conform\u00e9ment \u00e0 la loi 78-17 du 6 janvier 1978 (modifi\u00e9e par la loi 2004-801 du 6 ao\u00fbt 2004 relative \u00e0 la protection des personnes physiques \u00e0 l\u2019\u00e9gard des traitements de donn\u00e9es \u00e0 caract\u00e8re personnel) relative \u00e0 l\u2019informatique, aux fichiers et aux libert\u00e9s, ce site est conforme aux pr\u00e9requis exig\u00e9s par la Commission nationale de l\u2019informatique et des libert\u00e9s (<a href=\"http:\/\/www.cnil.fr\/\">www.cnil.fr<\/a>).<\/p>\n\n\n\n<h2 class=\"wp-block-heading\"><strong>Litiges :<\/strong><\/h2>\n\n\n\n<p>Les pr\u00e9sentes conditions du site<a href=\"https:\/\/www.agence-argentee.fr\/\"> https:\/\/www.<\/a>gambeat-music.com\/ &nbsp;sont r\u00e9gies par les lois fran\u00e7aises et toute contestation ou litiges qui pourraient na\u00eetre de l\u2019interpr\u00e9tation ou de l\u2019ex\u00e9cution de celles-ci seront de la comp\u00e9tence exclusive des tribunaux dont d\u00e9pend le si\u00e8ge social de la soci\u00e9t\u00e9. La langue de r\u00e9f\u00e9rence, pour le r\u00e8glement de contentieux \u00e9ventuels, est le fran\u00e7ais.<\/p>\n\n\n\n<h2 class=\"wp-block-heading\"><strong>Donn\u00e9es personnelles :<\/strong><\/h2>\n\n\n\n<p>La mani\u00e8re dont nous g\u00e9rons et collectons vos donn\u00e9es est d\u00e9crite dans le document \u00ab Politique de confidentialit\u00e9 \u00bb accessible depuis le site<a href=\"https:\/\/www.agence-argentee.fr\/\"> https:\/\/www.<\/a>gambeat-music.com\/&nbsp;<\/p>\n\n\n\n<h2 class=\"wp-block-heading\"><strong>Remerciements :<\/strong><\/h2>\n\n\n\n<p>Ce site ainsi que tout le rebranding de l\u2019entreprise ont \u00e9t\u00e9 r\u00e9alis\u00e9s par :<\/p>\n\n\n\n<p>Tomas Seillery : https:\/\/fr.linkedin.com\/in\/tomas-seillery<\/p>\n","protected":false},"excerpt":{"rendered":"<p>Merci de lire avec attention les diff\u00e9rentes modalit\u00e9s d\u2019utilisation du pr\u00e9sent site avant d\u2019y parcourir ses pages. En vous connectant sur ce site, vous acceptez sans r\u00e9serves les pr\u00e9sentes modalit\u00e9s. Aussi, conform\u00e9ment \u00e0 l\u2019article n\u00b06 de la Loi n\u00b02004-575 du 21 Juin 2004 pour la confiance dans l\u2019\u00e9conomie num\u00e9rique, les responsables du pr\u00e9sent site internet&#8230;<\/p>\n","protected":false},"author":1,"featured_media":0,"parent":0,"menu_order":0,"comment_status":"closed","ping_status":"closed","template":"","meta":{"_kad_post_transparent":"","_kad_post_title":"","_kad_post_layout":"","_kad_post_sidebar_id":"","_kad_post_content_style":"","_kad_post_vertical_padding":"","_kad_post_feature":"","_kad_post_feature_position":"","_kad_post_header":false,"_kad_post_footer":false,"_kad_post_classname":"","footnotes":""},"class_list":["post-1424","page","type-page","status-publish","hentry"],"yoast_head":"<!-- This site is optimized with the Yoast SEO plugin v27.1.1 - https:\/\/yoast.com\/product\/yoast-seo-wordpress\/ -->\n<title>Mentions l\u00e9gales - Gambeat<\/title>\n<meta name=\"robots\" content=\"index, follow, max-snippet:-1, max-image-preview:large, max-video-preview:-1\" \/>\n<link rel=\"canonical\" href=\"https:\/\/gambeat-music.com\/index.php\/mentions-legales\/\" \/>\n<meta property=\"og:locale\" content=\"en_US\" \/>\n<meta property=\"og:type\" content=\"article\" \/>\n<meta property=\"og:title\" content=\"Mentions l\u00e9gales - Gambeat\" \/>\n<meta property=\"og:description\" content=\"Merci de lire avec attention les diff\u00e9rentes modalit\u00e9s d\u2019utilisation du pr\u00e9sent site avant d\u2019y parcourir ses pages. En vous connectant sur ce site, vous acceptez sans r\u00e9serves les pr\u00e9sentes modalit\u00e9s. Aussi, conform\u00e9ment \u00e0 l\u2019article n\u00b06 de la Loi n\u00b02004-575 du 21 Juin 2004 pour la confiance dans l\u2019\u00e9conomie num\u00e9rique, les responsables du pr\u00e9sent site internet...\" \/>\n<meta property=\"og:url\" content=\"https:\/\/gambeat-music.com\/index.php\/mentions-legales\/\" \/>\n<meta property=\"og:site_name\" content=\"Gambeat\" \/>\n<meta property=\"article:modified_time\" content=\"2023-09-06T07:37:36+00:00\" \/>\n<meta property=\"og:image\" content=\"https:\/\/gambeat-music.com\/wp-content\/uploads\/2023\/05\/gam-2-1024x655.jpg\" \/>\n\t<meta property=\"og:image:width\" content=\"1024\" \/>\n\t<meta property=\"og:image:height\" content=\"655\" \/>\n\t<meta property=\"og:image:type\" content=\"image\/jpeg\" \/>\n<meta name=\"twitter:card\" content=\"summary_large_image\" \/>\n<meta name=\"twitter:label1\" content=\"Est. reading time\" \/>\n\t<meta name=\"twitter:data1\" content=\"6 minutes\" \/>\n<script type=\"application\/ld+json\" class=\"yoast-schema-graph\">{\"@context\":\"https:\/\/schema.org\",\"@graph\":[{\"@type\":\"WebPage\",\"@id\":\"https:\/\/gambeat-music.com\/index.php\/mentions-legales\/\",\"url\":\"https:\/\/gambeat-music.com\/index.php\/mentions-legales\/\",\"name\":\"Mentions l\u00e9gales - Gambeat\",\"isPartOf\":{\"@id\":\"https:\/\/gambeat-music.com\/#website\"},\"datePublished\":\"2023-09-04T20:25:11+00:00\",\"dateModified\":\"2023-09-06T07:37:36+00:00\",\"breadcrumb\":{\"@id\":\"https:\/\/gambeat-music.com\/index.php\/mentions-legales\/#breadcrumb\"},\"inLanguage\":\"en-US\",\"potentialAction\":[{\"@type\":\"ReadAction\",\"target\":[\"https:\/\/gambeat-music.com\/index.php\/mentions-legales\/\"]}]},{\"@type\":\"BreadcrumbList\",\"@id\":\"https:\/\/gambeat-music.com\/index.php\/mentions-legales\/#breadcrumb\",\"itemListElement\":[{\"@type\":\"ListItem\",\"position\":1,\"name\":\"Accueil\",\"item\":\"https:\/\/gambeat-music.com\/\"},{\"@type\":\"ListItem\",\"position\":2,\"name\":\"Mentions l\u00e9gales\"}]},{\"@type\":\"WebSite\",\"@id\":\"https:\/\/gambeat-music.com\/#website\",\"url\":\"https:\/\/gambeat-music.com\/\",\"name\":\"Gambeat\",\"description\":\"D\u00e9couvrez l&#039;univers de Gambeat !\",\"publisher\":{\"@id\":\"https:\/\/gambeat-music.com\/#\/schema\/person\/802911f5e95c9fb183893b6f67ad05bc\"},\"potentialAction\":[{\"@type\":\"SearchAction\",\"target\":{\"@type\":\"EntryPoint\",\"urlTemplate\":\"https:\/\/gambeat-music.com\/?s={search_term_string}\"},\"query-input\":{\"@type\":\"PropertyValueSpecification\",\"valueRequired\":true,\"valueName\":\"search_term_string\"}}],\"inLanguage\":\"en-US\"},{\"@type\":[\"Person\",\"Organization\"],\"@id\":\"https:\/\/gambeat-music.com\/#\/schema\/person\/802911f5e95c9fb183893b6f67ad05bc\",\"name\":\"Gambeat\",\"image\":{\"@type\":\"ImageObject\",\"inLanguage\":\"en-US\",\"@id\":\"https:\/\/gambeat-music.com\/#\/schema\/person\/image\/\",\"url\":\"https:\/\/gambeat-music.com\/wp-content\/uploads\/2025\/11\/cropped-ChatGPT-Image-21-nov.-2025-15_46_57.png\",\"contentUrl\":\"https:\/\/gambeat-music.com\/wp-content\/uploads\/2025\/11\/cropped-ChatGPT-Image-21-nov.-2025-15_46_57.png\",\"width\":1022,\"height\":376,\"caption\":\"Gambeat\"},\"logo\":{\"@id\":\"https:\/\/gambeat-music.com\/#\/schema\/person\/image\/\"},\"sameAs\":[\"http:\/\/gambeat-music.com\"]}]}<\/script>\n<!-- \/ Yoast SEO plugin. -->","yoast_head_json":{"title":"Mentions l\u00e9gales - Gambeat","robots":{"index":"index","follow":"follow","max-snippet":"max-snippet:-1","max-image-preview":"max-image-preview:large","max-video-preview":"max-video-preview:-1"},"canonical":"https:\/\/gambeat-music.com\/index.php\/mentions-legales\/","og_locale":"en_US","og_type":"article","og_title":"Mentions l\u00e9gales - Gambeat","og_description":"Merci de lire avec attention les diff\u00e9rentes modalit\u00e9s d\u2019utilisation du pr\u00e9sent site avant d\u2019y parcourir ses pages. En vous connectant sur ce site, vous acceptez sans r\u00e9serves les pr\u00e9sentes modalit\u00e9s. Aussi, conform\u00e9ment \u00e0 l\u2019article n\u00b06 de la Loi n\u00b02004-575 du 21 Juin 2004 pour la confiance dans l\u2019\u00e9conomie num\u00e9rique, les responsables du pr\u00e9sent site internet...","og_url":"https:\/\/gambeat-music.com\/index.php\/mentions-legales\/","og_site_name":"Gambeat","article_modified_time":"2023-09-06T07:37:36+00:00","og_image":[{"width":1024,"height":655,"url":"https:\/\/gambeat-music.com\/wp-content\/uploads\/2023\/05\/gam-2-1024x655.jpg","type":"image\/jpeg"}],"twitter_card":"summary_large_image","twitter_misc":{"Est. reading time":"6 minutes"},"schema":{"@context":"https:\/\/schema.org","@graph":[{"@type":"WebPage","@id":"https:\/\/gambeat-music.com\/index.php\/mentions-legales\/","url":"https:\/\/gambeat-music.com\/index.php\/mentions-legales\/","name":"Mentions l\u00e9gales - Gambeat","isPartOf":{"@id":"https:\/\/gambeat-music.com\/#website"},"datePublished":"2023-09-04T20:25:11+00:00","dateModified":"2023-09-06T07:37:36+00:00","breadcrumb":{"@id":"https:\/\/gambeat-music.com\/index.php\/mentions-legales\/#breadcrumb"},"inLanguage":"en-US","potentialAction":[{"@type":"ReadAction","target":["https:\/\/gambeat-music.com\/index.php\/mentions-legales\/"]}]},{"@type":"BreadcrumbList","@id":"https:\/\/gambeat-music.com\/index.php\/mentions-legales\/#breadcrumb","itemListElement":[{"@type":"ListItem","position":1,"name":"Accueil","item":"https:\/\/gambeat-music.com\/"},{"@type":"ListItem","position":2,"name":"Mentions l\u00e9gales"}]},{"@type":"WebSite","@id":"https:\/\/gambeat-music.com\/#website","url":"https:\/\/gambeat-music.com\/","name":"Gambeat","description":"D\u00e9couvrez l&#039;univers de Gambeat !","publisher":{"@id":"https:\/\/gambeat-music.com\/#\/schema\/person\/802911f5e95c9fb183893b6f67ad05bc"},"potentialAction":[{"@type":"SearchAction","target":{"@type":"EntryPoint","urlTemplate":"https:\/\/gambeat-music.com\/?s={search_term_string}"},"query-input":{"@type":"PropertyValueSpecification","valueRequired":true,"valueName":"search_term_string"}}],"inLanguage":"en-US"},{"@type":["Person","Organization"],"@id":"https:\/\/gambeat-music.com\/#\/schema\/person\/802911f5e95c9fb183893b6f67ad05bc","name":"Gambeat","image":{"@type":"ImageObject","inLanguage":"en-US","@id":"https:\/\/gambeat-music.com\/#\/schema\/person\/image\/","url":"https:\/\/gambeat-music.com\/wp-content\/uploads\/2025\/11\/cropped-ChatGPT-Image-21-nov.-2025-15_46_57.png","contentUrl":"https:\/\/gambeat-music.com\/wp-content\/uploads\/2025\/11\/cropped-ChatGPT-Image-21-nov.-2025-15_46_57.png","width":1022,"height":376,"caption":"Gambeat"},"logo":{"@id":"https:\/\/gambeat-music.com\/#\/schema\/person\/image\/"},"sameAs":["http:\/\/gambeat-music.com"]}]}},"_links":{"self":[{"href":"https:\/\/gambeat-music.com\/index.php\/wp-json\/wp\/v2\/pages\/1424","targetHints":{"allow":["GET"]}}],"collection":[{"href":"https:\/\/gambeat-music.com\/index.php\/wp-json\/wp\/v2\/pages"}],"about":[{"href":"https:\/\/gambeat-music.com\/index.php\/wp-json\/wp\/v2\/types\/page"}],"author":[{"embeddable":true,"href":"https:\/\/gambeat-music.com\/index.php\/wp-json\/wp\/v2\/users\/1"}],"replies":[{"embeddable":true,"href":"https:\/\/gambeat-music.com\/index.php\/wp-json\/wp\/v2\/comments?post=1424"}],"version-history":[{"count":3,"href":"https:\/\/gambeat-music.com\/index.php\/wp-json\/wp\/v2\/pages\/1424\/revisions"}],"predecessor-version":[{"id":1504,"href":"https:\/\/gambeat-music.com\/index.php\/wp-json\/wp\/v2\/pages\/1424\/revisions\/1504"}],"wp:attachment":[{"href":"https:\/\/gambeat-music.com\/index.php\/wp-json\/wp\/v2\/media?parent=1424"}],"curies":[{"name":"wp","href":"https:\/\/api.w.org\/{rel}","templated":true}]}}